r of 32706180 and 14898.
78
What is the highest common factor of 1058 and 1175024?
46
Calculate the highest common divisor of 627 and 227210709.
33
What is the highest common divisor of 28 and 6356994?
14
What is the greatest common factor of 199413390 and 202?
202
Calculate the greatest common divisor of 3893552 and 160.
16
What is the greatest common factor of 58080872 and 228?
76
Calculate the highest common divisor of 21210 and 1180830.
210
Calculate the greatest common factor of 59196 and 5100.
12
What is the highest common divisor of 336 and 4359660?
12
Calculate the highest common divisor of 40 and 62012840.
40
Calculate the greatest common factor of 770 and 495530.
70
Calculate the highest common factor of 7064434 and 11389.
1627
What is the highest common factor of 73021 and 110833?
137
What is the highest common factor of 294152847 and 402?
201
Calculate the greatest common factor of 69057070 and 8.
2
What is the highest common factor of 3699211 and 11741?
199
What is the greatest common divisor of 12 and 9039606?
6
Calculate the highest common factor of 12558 and 15651454.
4186
What is the greatest common factor of 127900 and 23176?
4
Calculate the highest common divisor of 17 and 1213771253.
17
Calculate the highest common divisor of 13258864 and 5696.
1424
Calculate the greatest common factor of 1075 and 4026450.
25
What is the highest common divisor of 183198091 and 1759?
1759
Calculate the highest common divisor of 80 and 71767950.
10
Calculate the highest common divisor of 123192 and 6536.
8
Calculate the greatest common factor of 44088 and 4699046.
3674
Calculate the greatest common factor of 2301922944 and 3264.
3264
What is the highest common factor of 30227453 and 4835?
967
What is the greatest common factor of 24357382 and 119?
7
Calculate the highest common factor of 34913226 and 768.
6
Calculate the highest common divisor of 233689257 and 274.
137
Calculate the highest common divisor of 230 and 704240.
10
Calculate the highest common divisor of 22538 and 14160.
118
Calculate the greatest common divisor of 5999 and 49693.
7
Calculate the greatest common factor of 22242305 and 6340.
1585
Calculate the greatest common divisor of 31038 and 26691.
21
What is the greatest common divisor of 160 and 16510000?
80
What is the greatest common factor of 9766222 and 976?
122
Calculate the greatest common divisor of 284 and 38141200.
284
Calculate the greatest common factor of 505337 and 95158.
49
Calculate the greatest common divisor of 112332713 and 230.
23
Calculate the highest common divisor of 249760 and 72240.
560
Calculate the highest common factor of 165581305 and 22685.
1745
Calculate the highest common factor of 4826 and 985378.
38
Calculate the highest common factor of 9678580 and 5.
5
What is the highest common factor of 1409758 and 7476?
14
What is the highest common divisor of 34039 and 26?
1
Calculate the greatest common divisor of 3854454577 and 9209.
9209
What is the highest common divisor of 15678 and 1974222?
1206
Calculate the greatest common factor of 193593448 and 338472.
12536
Calculate the highest common factor of 1288 and 4628911.
161
Calculate the greatest common factor of 662 and 14915191.
331
What is the highest common factor of 12 and 596356?
4
Calculate the highest common factor of 32388 and 924900.
12
What is the highest common divisor of 65691 and 20952?
27
Calculate the highest common factor of 164355584 and 3456.
128
What is the greatest common factor of 35260054 and 1540344?
9874
Calculate the highest common divisor of 2706 and 10176870.
66
Calculate the greatest common divisor of 10518858 and 315.
63
Calculate the highest common factor of 1334 and 1638587.
29
What is the highest common factor of 36472 and 131224?
376
What is the greatest common factor of 12136210 and 1450?
290
What is the greatest common factor of 6900 and 6680580?
1380
What is the greatest common divisor of 403170 and 89845?
755
Calculate the greatest common divisor of 11377509 and 88.
11
What is the highest common factor of 4560 and 135888?
912
Calculate the greatest common divisor of 138 and 40095969.
69
What is the highest common divisor of 77337 and 331199999?
8593
What is the highest common factor of 113 and 29702389?
113
What is the greatest common divisor of 69719 and 434?
31
What is the greatest common factor of 172926320 and 1680?
560
What is the greatest common divisor of 150103618 and 329?
329
Calculate the highest common divisor of 1915760 and 36300.
220
Calculate the highest common factor of 114 and 40604938.
38
What is the greatest common divisor of 1532841 and 321663?
1797
Calculate the highest common factor of 9669 and 1142398796.
3223
What is the greatest common divisor of 48 and 986271828?
12
Calculate the greatest common factor of 4448 and 3610912.
32
What is the greatest common factor of 69 and 2990667?
69
What is the highest common factor of 12091724 and 319?
29
What is the greatest common divisor of 20418 and 251573?
83
What is the highest common divisor of 87 and 889400217?
87
What is the highest common factor of 42941 and 173343482?
1867
What is the greatest common divisor of 6906452 and 17869?
167
What is the greatest common divisor of 108773575 and 2945?
2945
What is the greatest common divisor of 28177007 and 5771?
199
Calculate the greatest common divisor of 1162989 and 783.
9
Calculate the highest common factor of 34138 and 10015564.
2626
Calculate the greatest common divisor of 855348 and 540228.
156
What is the greatest common divisor of 272 and 351826628?
68
Calculate the greatest common factor of 127750 and 631085.
2555
Calculate the greatest common divisor of 102 and 3149778.
6
What is the highest common factor of 226688 and 15312?
176
Calculate the greatest common divisor of 31037684 and 83.
83
What is the greatest common divisor of 816 and 7633662864?
816
Calculate the greatest common factor of 34290 and 103050.
90
What is the highest common divisor of 287400 and 114600?
600
Calculate the greatest common divisor of 5288 and 310511360.
5288
Calculate the greatest common divisor of 1683158 and 806636.
842
What is the highest common factor of 984 and 811343178?
246
What is the greatest common divisor of 137934 and 28800?
18
Calculate the greatest common factor of 30096 and 88825.
209
What is the greatest common factor of 107932 and 1930676?
484
Calculate the highest common divisor of 1289680 and 3711260.
6860
Calculate the highest common divisor of 13726026 and 18.
18
Calculate the highest common divisor of 15660 and 192690.
90
What is the highest common divisor of 68 and 32964717?
17
Calculate the highest common divisor of 2246928 and 4272.
48
What is the greatest common divisor of 15646617 and 36?
9
What is the highest common factor of 2934 and 394829847?
1467
Calculate the highest common divisor of 3 and 88348107.
3
Calculate the highest common factor of 28553760 and 57828.
948
What is the highest common factor of 2741924 and 2692766?
5462
Calculate the highest common factor of 14 and 1749134.
2
Calculate the highest common divisor of 45 and 2523423.
3
What is the greatest common divisor of 13633959 and 4735?
947
What is the greatest common factor of 170774 and 1402668?
1658
What is the greatest common divisor of 33183194 and 583?
583
Calculate the highest common factor of 2980 and 2621180.
20
What is the greatest common factor of 6692338 and 814?
74
What is the highest common divisor of 8337 and 53093589?
1191
What is the greatest common divisor of 502504 and 4232?
184
Calculate the greatest common factor of 24 and 1193284.
4
Calculate the greatest common factor of 6865820 and 1105.
65
Calculate the highest common factor of 129238 and 7006288.
722
What is the highest common factor of 186327 and 32651?
103
Calculate the greatest common divisor of 88 and 8307343.
11
What is the highest common factor of 156 and 14595958?
26
Calculate the highest common divisor of 84780891 and 12987.
351
Calculate the highest common factor of 77 and 14623301.
77
What is the highest common factor of 1154853 and 5152?
161
Calculate the greatest common divisor of 2269256 and 121552.
856
What is the highest common divisor of 22 and 60013591?
11
What is the highest common factor of 428327 and 19065?
1271
Calculate t